(s) = 3*s**2 - 23*s - 23. Let h be v(9). Let c(r) = h - 9*r + 4*r - r + 3*r. Calculate c(5).
-2
Suppose -3*o = 2*w - 4*o - 988, -w + 4*o + 508 = 0. Let g(k) = -w + 2*k - k**2 - 9*k + 486. Determine g(-5).
4
Let a = 190 + -185. Suppose -60 = -a*w + 11*o - 6*o, -w - 12 = 5*o. Let v(i) = -i**3 + 9*i**2 - 6*i - 10. What is v(w)?
6
Let j(k) = k**3 + 20*k**2 - 15*k - 318. Let t be j(-20). Let c(p) = -2*p**2 - 35*p + 7. What is c(t)?
-11
Suppose 0 = 4*g - 2*f + 52 - 2, -2*f - 10 = 0. Let z(o) = o**2 + 13*o - 4. Calculate z(g).
26
Let d = 2 - -28. Let f be (84/90)/(-7) - (-4)/d. Let b be ((-8)/(-12) - f)*12/1. Let o(a) = a**3 - 9*a**2 + 8*a + 4. Determine o(b).
4
Let v(p) be the first derivative of -p**2/2 - 17. Let g(b) = b**3 + 8*b**2 - 10*b - 6. Let a be g(-9). Calculate v(a).
-3
Suppose 2*r = 3*w - 6*w + 7, -2*w = r - 4. Let v(a) = 2*a - a**r - 11*a**3 - 3*a**2 + 7*a**3 + 2*a**2. Give v(1).
-4
Let y(z) be the third derivative of -2*z - 15*z**2 - 1/120*z**6 + z**3 + 0 + 2/15*z**5 + 3/8*z**4. Suppose 2*g + 8 = 26. Calculate y(g).
6
Suppose -4*y - 295 - 234 = 3*v, -159 = v - 3*y. Let i = v - -167. Let r(l) = -4*l + 2. Calculate r(i).
18
Let z(x) = -x**3 - x - 18. Suppose 5*f = 2*q + 11, -f - 4*f = -4*q - 17. Let a be ((-4)/18 - (-6)/27)/q. Determine z(a).
-18
Let g(c) be the first derivative of 11*c + 1/3*c**3 + 9/2*c**2 - 227. Give g(-8).
3
Let y(a) = -a**2 - 2*a - 1. Suppose 0 = -9*h + 7*h + 56. Suppose -v = u, -17 = 5*v - 4*u + h. Determine y(v).
-16
Let j = 104 + -97. Let w(x) = x + 4*x + 9*x + j*x - 8 - 20*x. Give w(0).
-8
Let t(r) = r**2 - 9*r - 5. Let w(j) = 30*j - 169. Suppose 5*u = 4*u - 4*q + 22, -5*u + 26 = -q. Let g be w(u). Determine t(g).
17
Let c(y) = 20*y - 2*y**2 + 16*y - 1158 + 1201. Determine c(19).
5
Let y(z) = -3*z - 15. Let k = 1155 + -1155. Determine y(k).
-15
Let o(i) = i**2 + i + 1. Suppose 1 = l + 4*v - 10, 0 = -2*l - 3*v + 12. Let j(q) = 5 + 3 + 5*q**2 - 14*q - q**3 + 3*q**2 + l. Let n be j(6). What is o(n)?
1
Let o(b) = b**2 - 5*b - 17. Let c be o(7). Let u(m) be the third derivative of m**5/60 + m**4/24 + m**3/2 - 2*m**2 + 61. Calculate u(c).
9
Let s(h) = -h**2 - 16 - 4*h + 12 + 19*h. Let y(b) = 2*b**3 + 29*b**2 + b + 255. Let x be y(-15). What is s(x)?
-4
Let o(a) = -3*a**3 + 2*a**2 - 4. Let w(f) = -16*f**3 + 9*f**2 - 21. Let t(u) = 11*o(u) - 2*w(u). Let s be -2 + 6*(-63)/(-54). Calculate t(s).
-27
Let l(j) = -j**2 - 12*j + 27. Suppose -3*c = 3*g + 42, -g + 152 = -3*c + 106. Calculate l(c).
-18
Let j = 1303 - 1294. Let t(q) = 3*q**2 + j*q + 4*q**2 + q**3 - 29 - 2*q**3 + 32. Let v be -5*(6/(-10) - 1). What is t(v)?
11
Let d(j) = j + 2. Let r(w) = w**3 + 2*w**2 - 5*w - 1. Let a be r(2). Let b(v) = -6*v. Let n be b(-4). Suppose 0 = -p - a*p + n. What is d(p)?
6
Let v(j) be the third derivative of -11*j**6/120 + j**5/15 - j**4/12 - j**3/6 - j**2 + 1588*j. Calculate v(1).
-10
Suppose 2*g + 0 = 10. Suppose 1 = n, n - 29 = g*s + 2*n. Let c(u) = -u**3 - 5*u**2 + 5*u - 2. Give c(s).
4
Let q(b) = 85*b - 858. Let w be ((-1 - (-52)/(-252)) + (-68)/306)*-7. Calculate q(w).
-8
Let s(z) = -z - 2. Let k(t) = 2*t + 4. Let g(d) = -6*d + d**2 + d + 0*d**2 + 0*d**2 - 11. Let a be g(5). Let n(v) = a*s(v) - 6*k(v). What is n(-5)?
3
Let n(r) = 26*r**2 + 14*r + 36. Let h be n(-3). Let q(i) = 0 + 227*i**3 - 13*i - h*i**3 - 14*i**2 - 13. Give q(-13).
-13
Let d(k) = -2 - 4*k**2 + 1069*k - 1072*k + k**3 - 1. Let n = -449 - -454. Determine d(n).
7
Let f(y) = 31*y + 194. Let v be (-3 - -12)/(1/8 + (-572)/352). Give f(v).
8
Suppose -o - o = 12. Let v(d) be the first derivative of d**3/3 + 3*d**2 + 10*d - 11615. Give v(o).
10
Let j(b) = b**2 - 4*b - 36. Let z(g) = -2*g**2 - 79*g + 1933. Let l be z(17). Give j(l).
60
Let h(d) = -3*d**2 + 2*d - 3. Let y be h(5). Let u(f) = -2*f**3 + 11*f**2 - 35*f + 170. Let w be u(6). Let r = y - w. Let o(j) = j - 7. What is o(r)?
1
Let n(b) = -5*b - 7. Let m(h) = -22*h + 135. Let q(t) = -m(t) + 3*n(t). Calculate q(22).
-2
Let p(f) = 2*f**3 + 6*f**2. Suppose -479 = 10*j - 459. Calculate p(j).
8
Let q(p) be the first derivative of -3*p**4 - p**3/3 - p**2/2 + 2. Suppose -u + 5 = 17*u + 23. What is q(u)?
12
Let c(a) = -6*a + 5. Let l be 754/(-3393) + (-2)/(-9). Calculate c(l).
5
Let j = -1556 - -1565. Let p(d) = 0*d - 18 + 2*d - 2*d + d. Determine p(j).
-9
Let w(q) be the third derivative of -q**6/120 + 3*q**5/20 - 11*q**4/24 + q**3 - 15*q**2 - 29. Give w(6).
48
Let b(f) = -f - 1. Suppose -2*j + 123 = -3*y, 5*j - 3*y = 416 - 86. Let i = j - 69. Suppose 2*p + g = -i*g, 4*g = -16. What is b(p)?
-3
Let a be (-88368)/(-105) + (-4)/(-10). Let b = 844 - a. Let d(k) = -k**2 - k. Give d(b).
-6
Suppose -2*a = -o - 11 + 16, -5*a = -4*o + 23. Let w(q) = q**3 - 7*q**2 + 2*q - 5. Calculate w(o).
9
Let i(u) = 5*u**2 - u - 12. Let s(c) = 3*c**2 - 6. Let b(p) = -4*i(p) + 7*s(p). Let y(w) = -w**3 - 3*w**2 - 18*w - 145. Let g be y(-5). Calculate b(g).
11
Let v = -3 - -9. Let p(f) = 4*f**2 - 4613710*f - 2 + 10*f**2 - f**3 + 4613711*f - 8*f**2. Give p(v).
4
Let h(n) = -59*n + 1. Let p be (((-488)/80 + 6)/(1/(-10)))/(-1). What is h(p)?
60
Let t(x) be the first derivative of -x**3/3 - 3*x**2 - 56*x + 52. Let n(m) be the first derivative of t(m). Determine n(-7).
8
Let h(c) = -c**3 - c**2. Let r(m) = 3*m**3 + 8*m**2 + 4*m + 1. Let p(w) = 4*h(w) + r(w). Suppose -168 = -13*z + 9*z. Let d = z + -37. Determine p(d).
-4
Let h(b) = 2*b**2 + 16*b + 25. Let u be (-5)/((-375)/(-10)) + 584/(-120). Determine h(u).
-5
Let i(f) = 10*f**2 - 1. Suppose -276 = -2*p + 4*n, 2*n - 726 = -5*p - 0*n. Let s = -145 + p. Give i(s).
9
Let f(z) = -z + 7. Let x(v) = -v**2 - 15*v + 40. Let n be x(-17). Let s be ((-39)/n + 4)*18. Let d = s + 45. Calculate f(d).
7
Let n(z) be the first derivative of -z**5/60 - 11*z**4/24 - 2*z**3/3 - 10*z**2 - z + 75. Let m(d) be the second derivative of n(d). Determine m(-10).
6
Let y(n) = n**3 - 3*n**2 + n + 3. Suppose -2*c = 3*c + f + 748, 3*c + 450 = -f. Let p = c + 152. Give y(p).
6
Let d(l) = 3*l**2 + 27*l - 5. Let t(m) = 12*m - 466. Let u be t(38). Determine d(u).
25
Suppose 0 = -10*l - 52 + 62. Let q(c) = 6*c + c**2 + l - 5*c + 6 - 5*c. What is q(5)?
12
Let j(s) = -5*s**3 + 3*s**2 + 3*s + 2. Let a(t) = t**2 - 33*t - 56. Let q be a(36). Suppose -26*z + q*z = -52. What is j(z)?
48
Let x(d) = d**2 - 5 - 9 + 3 - 9*d. Let c(f) = -6*f + 31. Let k be c(5). Let p be 10 + k + (1 + 3)/(-4). Determine x(p).
-1
Let q = 177 - 251. Let k = -74 - q. Suppose 35 = 7*v - k. Let s(y) = -2*y + 5. Calculate s(v).
-5
Let c(s) = s**3 + 9*s**2 - 10*s - 12. Suppose -10*d + 15 = -15. Suppose 5*j + 62 = 3*h, -d*j - 38 = -2*h - 0*h. Give c(j).
-12
Let x(q) be the third derivative of q**6/120 + 17*q**5/60 - q**4/12 - 13*q**3/3 - 538*q**2 - 2*q. Suppose -5 = y, -2*t - 15 = 3*y + 34. Determine x(t).
8
Let g(t) = 6*t**2 - 18*t - 1. Suppose -5591*v + 3 = -5590*v. Determine g(v).
-1
Let t = 172 - 48. Let s = t + -126. Let x(g) be the second derivative of g**5/20 + g**4/3 + g**3/3 - g**2/2 - 3*g. What is x(s)?
3
Let i = 102 - 54. Let t = 39 - i. Let v(n) = -n - 22. Calculate v(t).
-13
Suppose -861 = -166*n + 43*n. Let l(g) = 7*g + 1 + 3*g**2 - 2 + 2*g**2. Let p(a) = -2*a**2 - 4*a. Let f(q) = n*p(q) + 3*l(q). Give f(6).
-9
Let k(t) be the third derivative of -t**6/120 + 3*t**5/10 - 3*t**4/4 + 3*t**3/2 - 939*t**2. Determine k(17).
-8
Suppose l + 9 - 15 = 0. Suppose 5*d = l*d + 5. Let u be 4 - (2 - 5)/(d + 4). Let q(g) = 7*g**2 - g + 1. Calculate q(u).
7
Let d = 40 + -38. Suppose 4*k - d = 6. Suppose 3*r + 3*q = r + 13, -r + 3*q = -k. Let w(c) = c**3 - 6*c**2 + 5*c + 5. What is w(r)?
5
Let k be (-26)/65 - 27/(-5). Let j(t) = -5*t - 7. Let y(n) = 11*n + 15. Let o(g) = -13*j(g) - 6*y(g). What is o(k)?
-4
Suppose 4*a + q = -2*q + 12, -3*q = 3*a - 9. Let c(k) = 46*k - 211. Let o be c(5). Let w(j) = 2 + 4 - o + j + 6 + 8. Determine w(a).
4
Let v(m) = -5*m + 3. Let o = 60 + -56. Let i(t) = t**3 - 3*t**2 - 6*t + 10. Let c be i(o). Calculate v(c).
-7
Let u = -6 + 6. Let g(a) = 5*a**2 - 11*a + 14. Let c(b) = -9*b**2 + 19*b - 27. Let v(f) = 4*c(f) + 7*g(f). Determine v(u).
-10
Let n(k) be the first derivative of -13*k**3/3 - k**2 + k + 428. Let w = 6 + -5. Give n(w).
-14
Suppose 3*b = -0*b - 24. Let k = b - -9. Let u(m) = 2*m - 16*m**2 - 15*m**2 + k - 12*m**2 + 40*m**2. What 